pose n*h - 20 = 5*b, h - 4 = -3*b - 0. Let z = b + 251. Is z composite?
False
Let q = 3805 - 971. Suppose -w + 1043 = -q. Let k = 6030 - w. Is k a prime number?
True
Let x = -38470 + 68375. Suppose 3*u = 5*s - x, 0*u = u. Is s prime?
True
Let q = -10 + 92. Suppose -2*v + 257 = 3*u, q = 3*v - u - 309. Is 174/(-4)*v/(-15) a prime number?
False
Suppose -5*c + 0*c - 56345 = -5*i, -4*c - 4*i - 45076 = 0. Let q = c + 16328. Is q a prime number?
True
Suppose -21*a + 22*a + 4788283 = 5*r, -2*r + a = -1915318. Is r a composite number?
True
Let p(s) be the third derivative of 293*s**4/24 + 3*s**3/2 + 21*s**2 - 2. Is p(14) prime?
True
Let l = 277 - 1005. Suppose 18*w - 22*w = 2*n - 5566, -2*n + 5554 = -2*w. Let k = n + l. Is k a composite number?
True
Let h = 342839 - -209579. Is h a composite number?
True
Let u(g) = -g**2 + 17*g + 86. Let k be u(19). Is (305094/4)/(72/k) a composite number?
False
Suppose -48 = -5*v - 4*m, 5*m - 2 - 8 = 0. Suppose 5*d = -r - 14 - 6, 2*d + v = -r. Is (-60998)/(-182) - d/(-26) composite?
True
Let l(c) = 5*c**2 - 13*c + 22. Let d be l(2). Suppose d*b - 245276 = -18*b. Is b a composite number?
True
Suppose 1083547 = 12*a + 339655. Is a composite?
False
Let c = 247 - 245. Suppose -2*r - m = 2*m - 7291, 5*r + c*m - 18211 = 0. Is r a composite number?
True
Let r = -221028 - -1136143. Is r a prime number?
False
Let x(m) = 27*m + 9. Let p be x(-2). Suppose 351 + 287 = -2*q. Let c = p - q. Is c prime?
False
Let w = 312943 + 89884. Is w prime?
False
Suppose q = -s + 98647 + 251724, 3*s - 3*q = 1051149. Is s a prime number?
True
Is 566022/8 + (-218)/(-872) a prime number?
True
Let r(l) = 31*l - 10. Let t = -2 + 2. Suppose 5*i - 10 - 15 = t. Is r(i) a composite number?
True
Let r = 463 - -609. Let o = r - 722. Is 306850/o + (18/14 - 1) a prime number?
True
Suppose c + o = 142362, -4*c - 5*o + 264790 = -304663. Is c a composite number?
False
Let l be 4/(-8)*(-1542)/3. Suppose 17*v = 117 + l. Is v prime?
False
Let s(l) = -2*l - 3. Let n be s(3). Let v(a) = -30*a - 7 + 6 + 2 - 2*a - 2*a. Is v(n) prime?
True
Suppose 0 = -6*u + u + 25. Suppose 3*d = o - 3, 6*d - 2 = d + 4*o. Is ((-1)/d)/(u/530) composite?
False
Suppose -3*i = -c + 244, 24 = -5*c + 44. Is 226/((45/i)/(-9)) - 3 composite?
False
Suppose 18*c = 14*c + 24. Suppose 0*j - c*j + 24 = 0. Suppose x - 3168 = -h - j*h, -624 = -h + 3*x. Is h composite?
True
Suppose -11*q + 2024098 + 494385 = 0. Is q composite?
False
Suppose 31*l - 11127258 = 6801251. Is l a prime number?
False
Let y(j) = -16*j + 392. Let k be y(0). Suppose 0 = b - 4*b + 9. Let g = k - b. Is g a composite number?
False
Let u = 4154 + 7695. Suppose u + 44142 = 13*r. Is r a composite number?
True
Let s(i) = 25*i**3 + i**2 + 2*i + 1. Suppose -83*v = -80*v - 15. Suppose -v*c = -33 + 18. Is s(c) composite?
False
Let c(h) be the first derivative of 3*h**4/4 + 8*h**3/3 - 31*h**2/2 + 55*h + 256. Is c(21) a composite number?
True
Let l(o) = -65945*o**3 - 7*o**2 - 24*o - 17. Is l(-2) a prime number?
True
Let o(p) = -262*p**3 - 16*p**2 - 7*p + 26. Is o(-11) composite?
True
Suppose 1249551 = 168*q + 288087. Is q composite?
True
Suppose 0 = -3*w - 9, -2*l + 6*l - 2*w - 3222 = 0. Suppose -5*n + 180 + l = 2*h, 0 = -4*h + n + 2012. Is h a composite number?
True
Let b(o) = -o**3 + 10*o**2 + 96*o - 888. Let r be b(8). Let g(c) = 21 - 21*c + 0 + 70*c. Is g(r) a prime number?
False
Let b = -2538 + 7399. Is (5/1 - 5) + b prime?
True
Suppose 608 = -l - 49*f + 44*f, 0 = 2*l + 3*f + 1188. Is (-56)/l + 299078/42 a composite number?
False
Let h = 37 - 33. Suppose -5*k = -h*k - 24. Is 35340/k - (-3)/(-2) composite?
False
Let n = -40098 + 96431. Is n a composite number?
False
Let r = 66 - 64. Suppose 0*a = -4*a + g - 5, -r*a = -g + 5. Suppose -39*u + 43*u - 308 = a. Is u prime?
False
Let z be -2 + (-20079)/15 - (-4)/(-10). Let f be z/(-6) + 3/(-2) + 1. Is (f/(-5))/((-1)/5) a prime number?
True
Suppose 15 = 3*c - 15. Is 1407 + (6 + -4 - c) prime?
True
Suppose -5*p + 5*s + 275 = 0, p + 8*s - 6*s - 46 = 0. Suppose -176591 - 273417 = -p*r. Is r composite?
True
Let q(o) = o**2 + o - 55. Let j be q(31). Let m = 1212 + j. Is m a prime number?
False
Let c = 1808417 - 1243254. Is c composite?
False
Let n = -74200 - -213917. Is n prime?
False
Suppose -11*a - 364 = -24*a. Suppose a*t = 33*t - 4195. Is t prime?
True
Let w = 373 + -169. Suppose -w*d = -201*d - 2355. Is d composite?
True
Let w = -1707 - 101. Let r be -1062 + (-63)/9 + 4. Let a = r - w. Is a a prime number?
True
Let o be ((-2 + 2)/(12/(-4)))/3. Suppose 4*y + 13329 = -5*b + 2*y, 5*b - 2*y + 13341 = o. Is b/(-6) - (3/(-2) + 1) a prime number?
False
Suppose 0 = -5*z + s - 0*s + 144, 5*s - 120 = -5*z. Suppose 35 - 105 = -2*m. Is (-10)/m + 9388/z prime?
False
Let s(j) = -j**2 - 11*j + 54. Let m be s(-14). Is (4 - 7047/m)/(5/(-20)) prime?
True
Suppose 3 = -3*n, -537204 = 194*w - 199*w - n. Is w composite?
False
Suppose -3*n - 123188 = -2*j, -18*j + 23*j = 2*n + 82140. Is ((-1)/(-2))/((-10)/n) a composite number?
False
Let y(b) = 7*b - 47. Let t be y(8). Suppose -2*c + 36879 = 5*l, -4*l - t*c + 11*c + 29514 = 0. Is l a prime number?
False
Suppose -3*l + 434372 + 29202 = 2*q, 0 = 2*l - 4*q - 309028. Is l composite?
True
Suppose n = 4*g + 201195 + 147494, 3*n = 4*g + 1046107. Is n composite?
False
Let z be (8/(-34))/(-2) + 3187998/102. Suppose 2*w - 2956 = -3*r + 9553, -4*r = 5*w - z. Is w prime?
True
Suppose -20891 = -4*j + 3*m - 3471, -4*m - 17416 = -4*j. Let w = j - 1177. Is w prime?
True
Let l(b) = 2*b**3 - 56*b**2 + 23*b + 22. Suppose 0 = -2*o + 6*o - 116. Is l(o) prime?
True
Let q(x) = 32*x**2 + 130*x - 239. Is q(-54) a composite number?
True
Let w = 22 - -4431. Is w composite?
True
Is 19700406/88 - (-20)/(-16) a composite number?
True
Let t = 254 - 252. Is ((-58181)/(-2) + 4)*t a composite number?
False
Let m be ((-9)/4)/(51/5372). Let j = m - -4070. Is j a composite number?
False
Let o(v) = -v**3 + 3*v**2 + 2*v - 6. Let w be o(2). Suppose 3*s - 497 = -w*r, 2*r - 3*s - 490 = s. Suppose -2131 - r = -2*y. Is y a prime number?
False
Suppose 3*k - 4 = -5*n - 6, 2*n + 2*k + 4 = 0. Is 4712 + n/(-7 - -5) a composite number?
True
Is (24545697/1452)/((-2)/(-88)) prime?
False
Suppose 0 = -2750*w + 2739*w + 267487. Is w composite?
False
Let q = -579 + 7478. Suppose -2*z = 2*a - 13768, 11*z - 4*a - q = 10*z. Is z prime?
False
Let i = -166 - -167. Is (19/(-57))/(0 - i/1635) composite?
True
Let k = -62 - -56. Let o be 9/k*106/3. Let g = 5 - o. Is g a prime number?
False
Let o = -34545 - -53524. Is o prime?
True
Let y(w) = 3*w**3 + 2*w**2 - 24. Let t be (-28)/(-20) + -1 - (-106)/10. Is y(t) a composite number?
False
Let o = -533 - -536. Suppose 1323 = o*n - 16014. Is n a composite number?
False
Suppose 0 = g + g - 15472. Let i = g - -6855. Is i a composite number?
False
Let p be 0/(-6)*2/6. Suppose 8*w + 2*w - 20500 = p. Is (-9)/3 + 4 + w a composite number?
True
Let t(y) = -37*y**3 - 2*y**2 - y - 1. Let q be t(-2). Suppose -2*m = -3*w + q, -10 = -2*m - 2. Suppose x = -14 + w. Is x a prime number?
False
Let f(r) = 6*r + 9. Let b be f(-1). Suppose 5*d - 5*w + 6 + 4 = 0, -3*d = b*w - 6. Suppose -l - 2488 = -h + 778, d = 5*h - 4*l - 16335. Is h a prime number?
True
Suppose 282*p = 432321707 - 167602949. Is p a composite number?
True
Suppose -822 - 1263 = -3*d. Suppose 192 = 5*r - r. Let w = r + d. Is w a prime number?
True
Is (4 - 658495/(-3))*(-3 + 6) a prime number?
True
Let s be (-7125)/63 + 8/84. Suppose -3*k - 4*m = 61, k + 2*m - 6 = -27. Let j = k - s. Is j a prime number?
False
Suppose 19*c - 420630 = 492244 + 86887. Is c a composite number?
True
Suppose 0 = 13189*a - 13157*a + 11892 - 3494740. Is a a composite number?
True
Let w(c) = -13683*c**3 - 50*c**2 - 26*c + 6. Is w(-5) composite?
False
Let l(o) = -27*o**3 + 10*o**2 - 14*o - 200. Is l(-13) a composite number?
True
Suppose -157*c + 85938554 = -54166205. Is c composite?
False
Suppose -2*g + 236059 = q, -7*q = -2*q - 5*g - 1180250. Is q a prime number?
True
Let c(k) = 1131*k**2 + 44*k - 74. Is c(-13) prime?
False
Let q be -348 + ((-1)/(-2))/(3/(-6)). Let p = q - -198. Let o = -84 - p. Is o a prime number?
True
Suppose 1206*o + 1661278 = 1208*o. Is o prime?
True
Let j = 566 + -360. Let u = j + -147. Is u composite?
False
Suppose m + 441 = -604. Let 